e the third derivative of -d**4/12 + d**3 - 22*d**2. Let q be 3/6 - (-15)/2. Suppose -2*f = -q - 0. Calculate y(f).
-2
Let z(l) = -19*l + 1 + 8 + 20*l - 5. Determine z(4).
8
Suppose 15 = 3*s - 0. Suppose -3*q - 3 = 5*c - c, -3*c = s*q + 5. Let b(n) = -n - 6. Calculate b(c).
-6
Let u be -2*(-2)/8*-2. Suppose 0 = -3*a - 0 + 6. Let g(p) = 4*p**2 - 1 + 0*p - p - a*p**2 - p**2. Calculate g(u).
1
Let t(w) be the third derivative of -w**7/2520 - w**6/120 - w**5/40 + 13*w**4/24 + 17*w**2. Let x(p) be the second derivative of t(p). Determine x(-4).
5
Let z(o) = 88541*o**3 - 1 - 3*o**2 + 5*o**2 - 88539*o**3. Suppose 3*c - 2*y + 4 = 0, 2*y - y = 3*c + 5. What is z(c)?
-9
Let d(t) = -7*t**2 + 247 - 122 - 116 + 3*t + t**3. Calculate d(7).
30
Let m(z) be the first derivative of -z**2/2 + 6*z - 653. Let y be 2/(-6) - (-16)/3. Give m(y).
1
Let o(t) be the third derivative of 1/20*t**5 + 0*t + 44*t**2 - 1/6*t**3 + 0 + 1/24*t**4. What is o(-2)?
9
Let z(u) = -u + 12. Let b(y) = -5. Let j(o) = b(o) + z(o). Calculate j(8).
-1
Let c(t) be the third derivative of t**4/6 + t**3 - 453*t**2. Determine c(-4).
-10
Let v(i) = -4*i + 8. Let a(u) = u - 1. Let b(s) = -5*a(s) - v(s). Let w = -10 + 5. Let x(g) = -2*g - 5. Let q(l) = w*b(l) + 3*x(l). Give q(-4).
4
Let y(j) be the first derivative of 7*j**4/4 + 3*j**2/2 - 2*j - 408. Determine y(1).
8
Let o(v) = 2*v + 34. Suppose 2*c = h + 14, -5*h + 3 - 68 = -5*c. Give o(h).
10
Let i(u) = -76*u - 360. Let s be i(-5). Let t(g) = -g + 21. Give t(s).
1
Let i(g) = 15*g + 5 - 13*g - 1. Let d(x) = -x**3 + 8*x**2 - 8*x + 4. Let o be d(7). What is i(o)?
-2
Let q(k) = 3*k**3 - 4*k - 9. Let g(a) = -a**3 + a + 3. Let i(d) = -7*g(d) - 2*q(d). Calculate i(2).
7
Suppose -4*k + 5 = -11. Suppose -k*u - 4 = 12. Let h(t) = -t - 1. Let y(f) = -3*f - 7. Let x(b) = h(b) - y(b). Calculate x(u).
-2
Let x = 1 + 4. Suppose 4*u + 5*t + 14 = 0, 13 = u - 4*u - x*t. Let g(l) = 2*l + 1. Let f(r) = r + 2. Let c(b) = -2*f(b) + 3*g(b). What is c(u)?
-5
Let r(l) = -5*l + l**2 - l + 11 + 1 + 1 - 6. Let c = -10 - -15. Determine r(c).
2
Let u(t) = -2*t - 8. Let x be u(-10). Let p be ((-3)/(-2))/(6/x). Let d(b) = -5*b + 0*b**3 + b**2 - b**p + 6*b**2 - 4. What is d(6)?
2
Let y(r) = -r**2 + 8*r - 7. Let b(z) = z**3 + 2*z**2 - 3*z + 2. Let h be b(-3). Suppose f = -3*k + 1 - 5, h*f - 3*k = 19. Determine y(f).
8
Let u(w) be the second derivative of w**4/6 + 2*w**3/3 + w**2 - w + 255. Let r(l) = -2*l**2 - 3*l. Let s be r(-2). What is u(s)?
2
Suppose 4*v - 7 = u + 2, -v + 15 = 4*u. Let b(f) = 3*f**2 - f**3 + 5*f + 0*f**2 - v*f + 5 - 4. Give b(4).
-7
Let g(u) = 3*u**3 + 4*u**2 + 3*u + 1. Let c(k) = -k**3 - k - 1. Let q(o) = 4*c(o) + g(o). Let s(b) = -b**2 + 25*b + 57. Let z be s(27). Calculate q(z).
3
Let p(m) be the first derivative of -m**3/3 - 3*m**2/2 + m + 1. Let r(b) = -b**3 + 14*b**2 + 20*b + 2. Let a be r(16). Let z = -193 - a. Determine p(z).
1
Let l = 23 + -22. Let b(k) = 14*k - 6. Let q(m) = -26*m + 11. Let t(n) = 11*b(n) + 6*q(n). What is t(l)?
-2
Let g(l) = -3*l**3 - 12*l**2 + l + 23. Let n(r) = 2*r**3 + 8*r**2 - r - 15. Let a(o) = -5*g(o) - 8*n(o). What is a(-4)?
-7
Let k(q) = q**3 + 5*q**2 - q + 2. Let u be 40/25*40/(-16). Calculate k(u).
22
Suppose 2*p - 10 - 18 = 0. Suppose -5*x + 14 = p. Let a(o) = o**2 + o - 11. Determine a(x).
-11
Let h(i) = -6 - 3 + 98*i**2 + 0 - 8 - 97*i**2. Calculate h(0).
-17
Let g(i) = 2 - 17*i + 10*i**2 + 7 + i**3 + 0*i**3 + 15*i. Give g(-10).
29
Let j(f) be the second derivative of -2*f**3/3 + 7*f**2 - 19*f + 2. Calculate j(6).
-10
Let c(k) = 13*k**3 - 27*k**2 - 29*k - 2. Let u(m) = 7*m**3 - 13*m**2 - 14*m - 1. Let h(x) = 6*c(x) - 11*u(x). Determine h(20).
-1
Let t(j) = 4*j**2 + 5*j - 7. Let z(q) = -5*q**2 + q + 1. Let c(l) = t(l) + z(l). Determine c(3).
3
Let n(b) = b**3 + 6*b**2. Suppose -6 + 22 = -4*q, 3*m + 2*q + 26 = 0. Let l be n(m). Let x(s) = 7 + l*s + 9*s + s**2 + 0*s - 2*s. What is x(-5)?
-3
Let q(h) = h**3 - 6*h + 10. Suppose 5 = 2*p - 9*n + 4*n, 0 = p + 2*n + 2. Give q(p).
10
Let v be 152/16 + 1/(-2). Suppose -1 = 2*g + v. Let d(o) = 3*o**3 + 7 + 4*o - o - 4*o**3 - 5*o**2. Give d(g).
-8
Let b(s) = -10*s + 1. Let z(w) = -1 + 5*w - w - 2 - w**2. Let x be (-16 - -12)*2/(-4). Let k be z(x). What is b(k)?
-9
Let k be 42/(-28)*64/12. Let t(u) = u + 19. Give t(k).
11
Let h(x) = x**2 - 1. Let w(l) be the first derivative of l**3/3 + 3*l**2/2 - 2*l - 18. Let y(s) = 3*h(s) - w(s). Give y(4).
19
Let q(a) = 2*a**2 + 3*a - 26. Let c(o) = o**2 + o - 16. Let x(d) = -5*c(d) + 3*q(d). What is x(-3)?
-1
Suppose 3*n + 243 = 12*n. Suppose -4*w = -47 + n. Let o(f) = -f + 2. What is o(w)?
-3
Let a(w) = 203*w**2 - 5*w**3 + 2*w - 7 - 195*w**2 + 4*w**3. What is a(8)?
9
Let q be -1*(12*-3)/4. Let v(m) = m**2 - 10*m + 9. Determine v(q).
0
Let t = 6 - 1. Suppose -5*o = -5*s - 10, -2*s - 7 = -t*o - 0*s. Let l(v) = -3 - 7*v - o + 4. Determine l(1).
-7
Let r(d) be the second derivative of -5*d**4/12 + d**3/3 + 3*d**2/2 + 3*d + 2. What is r(-2)?
-21
Let c(f) be the third derivative of -f**5/60 - f**4/3 - 5*f**3/3 - f**2. Let y(u) = u**3 + 53*u**2 - 53*u + 47. Let n be y(-54). Calculate c(n).
-3
Let x(k) = 11*k**2 - 20*k + 11. Let g(a) = 4*a**2 - 7*a + 4. Let m(l) = 17*g(l) - 6*x(l). Suppose 0 = -3*i - 12 + 6. Give m(i).
8
Suppose 0 = p + 2*u, -1 = 3*p - 5*p - 3*u. Let y(d) = -9*d - 38. Let r be y(-7). Let q(o) = r - 7 + 2*o + 2*o**p - 18 + o**3. What is q(-2)?
-4
Let r(u) = u**2 - u + 4. Let h(b) = 2*b + 25. Suppose 4*a - 18 = 5*m + 21, -5*m + 2*a = 47. Let x be h(m). Give r(x).
10
Let t(g) = g**3 + 4*g**2 - 5*g + 3. Let n be t(-5). Let q(z) = -z + 1. Let b be q(n). Let p be b + -3 + (1 - 1). Let w(j) = j + 7. Calculate w(p).
2
Let v(h) be the second derivative of 4*h**3 + 107*h. What is v(1)?
24
Let t(k) be the third derivative of k**6/120 - k**5/60 - k**4/24 + k**3/6 + 3*k**2 - 36. What is t(2)?
3
Let l(y) = y**3 + 14*y**2 - 34*y - 27. Let w be l(-16). Suppose n + 3 = -2*q, 4*q = w - 13. Let v(c) = 13*c**3 + 2*c**2 - 1. Determine v(n).
14
Let b(m) = -m - 9*m - 3*m + 5*m + 6*m + 31. What is b(20)?
-9
Let r = 141 - 145. Let s(d) = d**3 + 6*d**2 + 4*d - 3. Determine s(r).
13
Suppose 20 = w + 4*w. Let g be 1*w/4*2. Let l(i) = -i + 1. Let y(s) = -s + 1. Let h(u) = g*l(u) - 3*y(u). Calculate h(1).
0
Let i = 147 - 146. Let b(h) = -2 - 2592*h + i + 2583*h. Calculate b(1).
-10
Let k(v) = -v**2 - 2*v**2 - 2*v**2 + 3*v**2 - v**2 - v. Let p(o) = -o - 4. Let z be p(-5). Calculate k(z).
-4
Let f(m) = -8*m - 97. Let u be f(-12). Let h(w) = 36*w**3 + w + 1. Calculate h(u).
-36
Let b(s) be the second derivative of -s**4/12 + s**3/6 - 3*s**2/2 + s - 4. Give b(5).
-23
Let h(p) = -p**3 - 9*p**2 - 11*p + 8. Let m = 1305 - 1312. Give h(m).
-13
Let b(k) = k**3 - 29*k**2 - 64*k + 68. Let r be b(31). Let f(j) = j**3 - 4*j**2 - 7*j + 7. Calculate f(r).
37
Let z(g) = -2*g**2 - 7*g + 2. Let p(k) = -2*k**2 + 9*k - 7. Let i be p(4). Let u(o) = -o**2 - o - 1. Let y(l) = i*u(l) + z(l). Calculate y(6).
17
Let j(z) be the first derivative of 11*z**2/2 - 15. Let i(l) = -7*l. Let n(h) = -8*i(h) - 5*j(h). Give n(-6).
-6
Let q be (-12)/(-144)*16/(4 - 0). Let y(x) be the first derivative of -x + 3/2*x**2 + q*x**3 - 6. What is y(-4)?
3
Let w(p) = -2*p**2 - 5*p**2 - 2 + 8*p**2 - 5*p. Let t(d) = d**2 - 6*d - 3. Let i(j) = -6*t(j) + 7*w(j). Calculate i(0).
4
Let p(z) = 5*z + 1. Let v(q) be the second derivative of 1/6*q**3 - 13/2*q**2 + 0 - 4*q. Let j be v(12). Calculate p(j).
-4
Let c(q) be the second derivative of q**4/6 - q**2/2 + 3*q. Let u be 69 - 64 - (-1 + (-8)/(-2)). What is c(u)?
7
Let w(d) be the second derivative of -d**4/12 + 3*d**3/2 - 2*d**2 + 15*d. Let j(q) = -16*q - 7. Let z be j(-2). Suppose -7 = -4*g + z. Calculate w(g).
4
Let x(w) be the first derivative of -w**2/2 - 6*w - 49. Calculate x(-3).
-3
Let i(u) = -u - 1. Let h(y) = y. Let x(n) = 4*h(n) - i(n). Suppose 5*a - 7 = -s, -14*s - 2 = -15*s. Calculate x(a).
6
Let y = -151 + 227. Suppose 2*o = 74 - y. Let x(l) be the first derivative of l**2/2 + l - 1. Calculate x(o).
0
Suppose -14*i = -4*i. Let f be 4 - i - ((-5)/(-1) - 0). Let o(g) = -2*g**3 - g**2. Determine o(f).
1
Let o be (2/(-6))/((-2)/(-6)). Let u be (-5 + o)/(3/(-3)). Let x(l) be the second derivative of l**5/20 - 7*l**4/12 + 2*l**3/3 + 7*l**2/2 + 509*l. W